t is the millions digit of 62506595?
2
What is the tens digit of 8285249?
4
What is the tens digit of 70947477?
7
What is the thousands digit of 45756415?
6
What is the tens digit of 149901749?
4
What is the millions digit of 3864142?
3
What is the hundreds digit of 767487561?
5
What is the ten thousands digit of 104079462?
7
What is the thousands digit of 7196988?
6
What is the hundred millions digit of 1895195988?
8
What is the millions digit of 23994908?
3
What is the millions digit of 264203613?
4
What is the ten millions digit of 1288503627?
8
What is the hundred millions digit of 1096802501?
0
What is the hundred thousands digit of 14767335?
7
What is the ten thousands digit of 18979261?
7
What is the hundred millions digit of 4719856379?
7
What is the hundreds digit of 1777799429?
4
What is the thousands digit of 399307837?
7
What is the thousands digit of 41848287?
8
What is the tens digit of 489639907?
0
What is the millions digit of 95385053?
5
What is the billions digit of 4274272806?
4
What is the hundred millions digit of 125464418?
1
What is the millions digit of 1897430867?
7
What is the units digit of 54457363?
3
What is the units digit of 338669874?
4
What is the millions digit of 1030544566?
0
What is the hundred thousands digit of 5346727184?
7
What is the hundred thousands digit of 168037944?
0
What is the billions digit of 1623335573?
1
What is the hundred millions digit of 195771337?
1
What is the units digit of 123351209?
9
What is the thousands digit of 83880876?
0
What is the hundreds digit of 745380765?
7
What is the millions digit of 1238680953?
8
What is the thousands digit of 461791077?
1
What is the hundreds digit of 48900824?
8
What is the ten millions digit of 60764063?
6
What is the millions digit of 63396076?
3
What is the millions digit of 107868947?
7
What is the tens digit of 177467317?
1
What is the ten millions digit of 224056798?
2
What is the units digit of 12325780?
0
What is the millions digit of 2218569791?
8
What is the billions digit of 1857601771?
1
What is the hundred millions digit of 136418183?
1
What is the units digit of 6472238236?
6
What is the millions digit of 1762776102?
2
What is the units digit of 1457429206?
6
What is the hundred thousands digit of 212205424?
2
What is the hundred millions digit of 533724659?
5
What is the thousands digit of 1371975477?
5
What is the units digit of 92058168?
8
What is the ten thousands digit of 568240177?
4
What is the units digit of 6028613626?
6
What is the hundred millions digit of 2808965989?
8
What is the thousands digit of 14425484?
5
What is the thousands digit of 209970800?
0
What is the tens digit of 103032097?
9
What is the ten millions digit of 243855366?
4
What is the hundreds digit of 73631001?
0
What is the ten millions digit of 309210046?
0
What is the hundred thousands digit of 113524145?
5
What is the hundreds digit of 256911406?
4
What is the hundred millions digit of 508810670?
5
What is the units digit of 61289819?
9
What is the millions digit of 478522113?
8
What is the units digit of 37231954?
4
What is the thousands digit of 890893?
0
What is the hundred thousands digit of 43090935?
0
What is the hundreds digit of 38341175?
1
What is the hundred thousands digit of 3866058638?
0
What is the ten millions digit of 4024357743?
2
What is the ten thousands digit of 133732634?
3
What is the ten millions digit of 3300492898?
0
What is the hundred millions digit of 405424980?
4
What is the hundreds digit of 2884702265?
2
What is the ten millions digit of 457796596?
5
What is the hundred thousands digit of 2736071283?
0
What is the millions digit of 8601970?
8
What is the tens digit of 2012464201?
0
What is the thousands digit of 1015318207?
8
What is the tens digit of 23753813?
1
What is the units digit of 357326333?
3
What is the millions digit of 3360969206?
0
What is the units digit of 454617627?
7
What is the hundred millions digit of 276826354?
2
What is the hundreds digit of 1232238896?
8
What is the hundred millions digit of 590113697?
5
What is the ten millions digit of 2515448307?
1
What is the tens digit of 220435174?
7
What is the ten thousands digit of 27594454?
9
What is the millions digit of 48980376?
8
What is the tens digit of 130682100?
0
What is the thousands digit of 145305606?
5
What is the units digit of 1842253805?
5
What is the hundred millions digit of 763148286?
7
What is the hundreds digit of 29966475?
4
What is the hundreds digit of 483639398?
3
What is the hundreds digit of 11295841?
8
What is the tens digit of 6407817553?
5
What is the thousands digit of 1702652891?
2
What is the hundred millions digit of 242852773?
2
What is the ten millions digit of 3005731492?
0
What is the thousands digit of 657738425?
8
What is the ten millions digit of 2889707745?
8
What is the hundred thousands digit of 274480758?
4
What is the hundreds digit of 16557369?
3
What is the hundreds digit of 244691901?
9
What is the hundred thousands digit of 8632309358?
3
What is the units digit of 64067427?
7
What is the thousands digit of 43339988?
9
What is the thousands digit of 998911694?
1
What is the units digit of 497746166?
6
What is the hundreds digit of 81611662?
6
What is the ten millions digit of 1494145244?
9
What is the ten thousands digit of 403261421?
6
What is the ten thousands digit of 204667654?
6
What is the millions digit of 153892847?
3
What is the billions digit of 1391282849?
1
What is the thousands digit of 40268055?
8
What is the thousands digit of 1320327473?
7
What is the hundred thousands digit of 210952191?
9
What is the billions digit of 1977302565?
1
What is the hundred millions digit of 248960644?
2
What is the units digit of 1680705700?
0
What is the units digit of 505894660?
0
What is the ten thousands digit of 675464139?
6
What is the millions digit of 145867262?
5
What is the hundred thousands digit of 102093685?
0
What is the thousands digit of 133203236?
3
What is the millions digit of 707562584?
7
What is the tens digit of 68983381?
8
What is the hundreds digit of 91138316?
3
What is the thousands digit of 1285906254?
6
What is the ten thousands digit of 59994948?
9
What is the hundred thousands digit of 92044222?
0
What is the tens digit of 450902969?
6
What is the tens digit of 48553271?
7
What is the ten millions digit of 682456081?
8
What is the thousands digit of 100830918?
0
What is the millions digit of 23750320?
3
What is the hundred thousands digit of 1403346?
4
What is the thousands digit of 1284494338?
4
What is the millions digit of 27835198?
7
What is the ten thousands digit of 2700391695?
9
What is the millions digit of 37152610?
7
What is the ten millions digit of 13617211?
1
What is the hundred thousands digit of 877110488?
1
What is the hundred thousands digit of 520042518?
0
What is the ten thousands digit of 6605958145?
5
What is the units digit of 46701534?
4
What is the millions digit of 97584406?
7
What is the millions digit of 305075748?
5
What is the thousands digit of 4147373?
7
What is the hundred millions digit of 368782759?
3
What is the tens digit of 150416679?
7
What is the ten thousands digit of 681820276?
2
What is the millions digit of 4117826322?
7
What is the ten millions digit of 218159184?
1
What is the millions digit of 8758970?
8
What is the tens digit of 28992574?
7
What is the ten millions digit of 100521820?
0
What is the thousands digit of 22445858?
5
What is the ten thousands digit of 188135858?
3
What is the hundred thousands digit of 225307326?
3
What is the hundred thousands digit of 42943605?
9
What is the ten millions digit of 331675720?
3
What is the hundreds digit of 106022685?
6
What is the units digit of 45778035?
5
What is the thousands digit of 382517007?
7
What is the millions digit of 160603201?
0
What is the hundreds digit of 23417931?
9
What is the ten millions digit of 184716303?
8
What is the hundred thousands digit of 6028370917?
3
What is the units digit of 4261982108?
8
What is the hundred millions digit of 945039435?
9
What is the ten thousands digit of 524421653?
2
What is the units digit of 15066045?
5
What is the ten thousands digit of 54392625?
9
What is the hundred thousands digit of 2058462344?
4
What is the ten millions dig